est common divisor of 60 and t?
15
Suppose y = -f + 2, -10 = -y + 2*f - 2. Suppose 0 = 5*m + 10, -3*m + 8 = 3*i - y*m. Suppose -i*d + 924 = 2*d. What is the highest common factor of d and 21?
21
Suppose -175 = -u - 4*u. What is the highest common divisor of 7 and u?
7
Let p(y) be the first derivative of -6*y + 11/2*y**2 - 1/3*y**3 + 1. Let j be p(9). What is the highest common divisor of 132 and j?
12
Suppose 17*i - 2 - 49 = 0. Calculate the highest common divisor of 93 and i.
3
Suppose 5*t + 3*p - 78 = 4*t, -206 = -3*t - 2*p. What is the highest common factor of t and 44?
22
Let d be 4/(-12) + 20/6. Suppose 2*t + d*t = -10. Let u be (t/(-1) - 1)*10. What is the greatest common factor of 50 and u?
10
Let q be 1 + -2*(-2)/(-4). Let i(j) = j**2 - j + 4. Let b be i(q). Suppose 0 = 2*u - 8 - 32. Calculate the greatest common factor of u and b.
4
Let o = 38 - -61. Calculate the highest common divisor of 9 and o.
9
Let z(s) = s**2 + 2*s. Let b = -21 - -12. Let r be z(b). Let a = -35 + r. What is the highest common factor of a and 4?
4
Let o(y) = 9*y**2 - 3*y + 4. Let i be o(2). What is the greatest common divisor of i and 34?
34
Let t = 27 - 0. Let w = -6 + t. What is the highest common factor of w and 42?
21
Let s be (-28)/(-5)*(0 + 5). What is the greatest common divisor of s and 4?
4
Let c be (4/(-6))/((-14)/63). Suppose 0 = -4*k - c*i + 24, 0*k + 5*k + i = 19. What is the highest common factor of 12 and k?
3
Suppose -3 = -3*m + 90. Let v = -18 + m. Suppose f + 210 = 4*h + 2*f, -62 = -h - 5*f. Calculate the highest common divisor of v and h.
13
Let f = 37 + -85. Let z = f + 84. What is the highest common divisor of z and 4?
4
Let m = -3 - -21. What is the greatest common divisor of m and 9?
9
Suppose -9*p + 10*p + 3*y - 6 = 0, 0 = 2*p - 3*y - 3. Calculate the highest common factor of 1 and p.
1
Let g be 0 + (-266)/(-3) - (-48)/(-72). What is the highest common factor of g and 11?
11
Let y(c) = -c**3 - 8*c**2 - 9*c + 1. Let n be y(-7). What is the highest common factor of 15 and n?
15
Let x = 9 - 3. Let s(r) = r**3 - 5*r**2 - 4*r - 7. Let n be s(x). Suppose -2*a + n + 1 = 0. Calculate the greatest common divisor of 3 and a.
3
Let i(h) = 2*h**2 + h + 4. Let j be i(4). Let d = j + -28. What is the greatest common factor of d and 48?
12
Let d(b) = 11*b - 1. Let k be d(1). Let z = -6 + k. Suppose 0 = j - z*n, -4*n = -4*j - 0*j + 24. What is the greatest common factor of 2 and j?
2
Let r = 77 - 73. Suppose -3*h - 6 = -18. What is the highest common factor of h and r?
4
Suppose -5*t + 20 = d - 0*d, 0 = -5*t - 4*d + 35. Suppose 2*p = -5*o - 0*p + 8, 5*p = t*o - 11. Calculate the highest common factor of o and 1.
1
Suppose 0 = 2*l - 6*l. Suppose l = -i - 3*i + 52. Calculate the highest common factor of i and 26.
13
Let g(p) = p**3 - 14*p**2 + 15*p - 11. Let t be g(13). Let d be (3/(-2))/(t/(-50)). What is the highest common divisor of d and 5?
5
Suppose y = -5*l + 7, -l = 4*y - 7 - 40. What is the highest common factor of 192 and y?
12
Let d(j) = j**2 + 4*j - 1. Let k(m) = -m**3 + 4*m**2 - m - 3. Let h be k(3). Let a be d(h). What is the greatest common divisor of 5 and a?
5
Let x = 1 - -1. Let i(b) = -3*b**x + 4*b**2 - 1 - 6*b + 0*b**2 + 6. Let t be i(6). What is the greatest common factor of t and 1?
1
Suppose -3*s + 12 = s. What is the highest common divisor of 3 and s?
3
Suppose 3*p = p + 68. Calculate the highest common divisor of p and 85.
17
Suppose -3*q + 23 = -49. Suppose -2*x + 54 = 5*u, 2*x = 2*u - 3*x - 39. Calculate the highest common divisor of u and q.
12
Suppose -16 = n + 4*f, 4*n + n - 40 = 4*f. Suppose -29 = -5*q + 21. Calculate the highest common divisor of q and n.
2
Let p be ((-7)/2)/(2/(-4)). Suppose p = u - 0. Calculate the highest common divisor of 7 and u.
7
Let s be 208/6 + (3/9 - 1). Calculate the greatest common factor of 17 and s.
17
Let f = -1 - -25. What is the highest common divisor of f and 72?
24
Let w = -13 - -10. Let h be (-1)/(1/w) + 39. What is the highest common divisor of 6 and h?
6
Let m(f) = 3*f + 4. Let b be m(4). Calculate the highest common factor of 16 and b.
16
Let k be 15/(-4)*8/(-2). Suppose -3 = -3*v + 4*t + 7, 4*v + t - 7 = 0. Suppose -90 = -v*o - 0*o. What is the greatest common factor of k and o?
15
Let k(p) = 2*p**2 - 2*p + 4. Let l be k(-6). Suppose 0 = -2*u - u + 33. Calculate the greatest common divisor of l and u.
11
Let u(t) = -3*t - 51. Let s be u(-23). Calculate the greatest common divisor of 45 and s.
9
Suppose -5*w + 19 = -21. Suppose -4*m = -23 + 7. Calculate the greatest common divisor of m and w.
4
Suppose s = 3*o - 251, -3*s - 173 = -2*o - 8*s. What is the greatest common factor of o and 24?
12
Let x be (-1)/2*10/(-15)*156. What is the greatest common factor of x and 78?
26
Suppose 2*r = 5*w + 32, -r - 31 = -4*r - w. Calculate the greatest common divisor of r and 77.
11
Suppose 0 = -5*q + 8*q - 12. Suppose q*b = 5*b - 16. Calculate the highest common divisor of 4 and b.
4
Let r(o) = 120*o + 4. Let l be r(3). Let n = l - -268. Let h = -401 + n. What is the greatest common divisor of 21 and h?
21
Let p be (420/(-75))/(4/(-10)). Calculate the highest common factor of p and 77.
7
Let s be (-1)/(-6)*3*0. Suppose -4*a - a + 325 = s. Let h be 1/(1/(-13)*-1). Calculate the highest common divisor of a and h.
13
Let g be -8*(-1)/(2/21). What is the greatest common divisor of g and 12?
12
Let c(u) = u**3 + 8*u**2 + u. Let n be c(-8). Let y = -3 - n. Let r be y + 1 + -2 + -1. What is the highest common factor of 15 and r?
3
Let d = -1 - -10. Let n = d - 5. Let x = -91 - -135. Calculate the greatest common divisor of x and n.
4
Let a(y) = -2*y**3 - 7*y**2 - 4*y - 17. Let h be a(-5). Calculate the greatest common divisor of h and 6.
6
Suppose -2 = -2*h + 2*z + 2, z - 1 = 0. Let j be 1 + -3 + 27/h. Suppose -3*n = -2*b + 5, -4*b + n = 1 - 6. Calculate the highest common divisor of b and j.
1
Let r be (-12)/2*-3*(-5)/(-1). Calculate the highest common divisor of r and 18.
18
Let g(t) = -t**3 + 10*t**2 - t + 14. Let p be g(10). Suppose p*v - v - 18 = 0. Let z be 0 + 5 - (-1 + 0). What is the highest common divisor of v and z?
6
Let h(j) = 2*j**2 + 5*j + 2. Let n be h(-3). Suppose -5*a = -n*c + 155, -c = -2*a + 6*a - 36. Calculate the greatest common factor of c and 80.
16
Let j(c) = c**2 + 4*c - 5. Let b be j(-5). Suppose 0 = -d - b*d + 12. Suppose -4*w - 50 = -146. What is the highest common factor of w and d?
12
Suppose 9*g = 8*g + 5. What is the greatest common divisor of g and 1?
1
Suppose -2*v + 0*v = 0. Suppose z + 2*z = 5*n + 44, -z - 2*n + 11 = v. Let k = 2 + 37. Calculate the highest common factor of k and z.
13
Let p(t) = -t**2 - 24*t + 2. Let h be p(-24). Let i = 14 - -8. Calculate the highest common divisor of i and h.
2
Let f = 71 - 50. Calculate the greatest common factor of f and 105.
21
Let t = -2 + 15. Let u be (0 - 1)/(0 + 1). Let b be u*2*(-468)/8. Calculate the highest common divisor of b and t.
13
Suppose 5*w - 81 = 39. Suppose -2*v = -8, y = v - 1 - 0. What is the greatest common divisor of w and y?
3
Let m(i) = 2*i - 6. Let n be 3 + (-2 - -3 - -2). Let x be m(n). What is the highest common factor of x and 18?
6
Suppose 2*f - k = 22 + 31, -3*f = 2*k - 76. What is the highest common factor of f and 39?
13
Suppose -4*o + 134 = 2*p + o, 2*p + 3*o - 126 = 0. Calculate the greatest common factor of 19 and p.
19
Suppose -u + 4*u + 4*n - 112 = 0, -5*u + 185 = 5*n. What is the highest common factor of 18 and u?
18
Let u be 23 - (27/(-6) + 4)*-6. What is the greatest common factor of 10 and u?
10
Let z(x) = x**2 + 61. Let h be z(0). Let g = h - 36. Suppose -5*a - 5*y + 25 = 0, -8*y + 4*y = 0. Calculate the highest common factor of g and a.
5
Let b = -23 - -47. Let y = 132 - 72. What is the highest common divisor of y and b?
12
Let i = 139 + -94. Let p = i - 21. Let r be 0 + (122/2 - 1). Calculate the greatest common divisor of p and r.
12
Let h(v) = -v**2 + 5*v + 4. Let p(n) = n**2. Let i be p(-2). Let d be h(i). Let y be (2 - -2)*(-1)/(-2). Calculate the highest common factor of y and d.
2
Let z(g) = 2*g**2 - 4*g + 2. Let v be z(4). Suppose 0 = 2*n - 0*n + 8. Let i be (n - -5)*(8 + 1). What is the highest common divisor of v and i?
9
Let l(f) = 4*f + 7. Let a be l(12). Let u = a + 1. Calc